 8*2*(-9)/(-24). Let u(z) = 9*z**2 - 40*z + 74. Let j be u(2). Calculate the greatest common divisor of j and d.
6
Let m = -258 + 275. What is the greatest common divisor of m and 340?
17
Let x be (-3)/(291/(-282) - -1). Let r = x + -46. What is the highest common divisor of r and 120?
24
Let p(w) = w**3 - 5*w**2 - 3*w - 3. Let q be (-12)/((6 - 3) + -5). Let t be p(q). Calculate the highest common divisor of t and 15.
15
Let p = -1355 - -1378. What is the highest common divisor of 1081 and p?
23
Suppose 3*f = -2*b + 3*b + 213, 3*f - 5*b - 225 = 0. What is the greatest common divisor of f and 98?
14
Suppose -i = -3, -2*i + 8 = -3*k + 71. What is the greatest common divisor of k and 253?
23
Let r = -15 + 29. Let v = 10 - 35. Let b = 39 + v. Calculate the highest common factor of b and r.
14
Let x(z) = z**3 - z**2 - 2*z + 2. Let b be x(0). Let p be (-2 + 0 + 1)*-12. Let f be p/(3 - b) - 4. What is the greatest common factor of 2 and f?
2
Suppose 0 = -3*j, -d = -0*d - 5*j - 4. Suppose 4*t - 52 = 4*m + m, -4*m - 48 = -d*t. Calculate the highest common factor of t and 24.
8
Let t(s) = 2*s + 19. Let l be t(-8). Suppose 3 = 5*b + 2*n, 5*n = b - l - 3. Let v be (-570)/(-40) + b/(-4). What is the highest common divisor of v and 7?
7
Let f be (-148958)/(-34) + 6/(-51). What is the greatest common divisor of f and 13?
13
Suppose -6 = 2*w + 2*d + 18, 0 = 5*w - 4*d + 24. Let b(m) = -2*m**3 - 17*m**2 - 10*m - 7. Let c be b(w). Calculate the greatest common factor of 27 and c.
9
Let t be 90810/330 + ((-6)/(-11))/(-3). What is the greatest common factor of 50 and t?
25
Let y be (13/39)/((-107)/27 - -4). Calculate the highest common divisor of y and 45.
9
Let g be 3/(((-5)/3)/5). Let q(d) = -2*d + 3. Let t be q(g). Calculate the highest common factor of 3 and t.
3
Let p = 822 - 804. What is the greatest common factor of p and 18?
18
Suppose 99*y + 18 = 108*y. What is the greatest common factor of 162 and y?
2
Let o(y) = -27*y**3 - 2*y**2 - y. Let j be o(-1). Suppose -4*t + 148 = -2*v, -2*t - 4*v + 102 - 8 = 0. Calculate the highest common divisor of t and j.
13
Let g be 3 + 500/4 + -2. Let b = -86 + g. Calculate the highest common divisor of b and 30.
10
Suppose 0 = 46*y - 44*y - 4*z - 54, 0 = 4*y - 3*z - 103. Calculate the greatest common divisor of y and 125.
25
Suppose 6*x - 190 = -136. What is the greatest common factor of 24 and x?
3
Let t = -13 - -22. Calculate the highest common divisor of 333 and t.
9
Let r(n) = -2*n + 3. Let c be r(-8). Let a(p) = -22 - 21 - c*p + 41. Let v be a(-3). Calculate the greatest common divisor of v and 22.
11
Suppose 0*q = -4*q - 4. Let l be q/(0 + (-1)/3). Suppose -155 = -2*k - v, -2*v = -5*k + l*v + 350. What is the greatest common factor of k and 15?
15
Let p = -124 - -247. Calculate the greatest common factor of p and 82.
41
Suppose 189 = 3*q + 3*w, -2*q + 3*w - 13 + 149 = 0. What is the greatest common factor of q and 104?
13
Let g = -6 + 8. Suppose -j + g*j - 7 = 0. Suppose -j - 10 = -y. Calculate the greatest common factor of 153 and y.
17
Let h = -126 + 373. Calculate the highest common factor of 13 and h.
13
Suppose -d + 4*b + 28 = 0, -4*b + 4 = d - 0*d. Let c = d - -2. Calculate the highest common factor of c and 24.
6
Suppose -3*k + 171 = -3*u, k - 2*k - 2*u = -60. Suppose 12 = -2*r + 684. Let w = r - 191. Calculate the greatest common divisor of w and k.
29
Let q = -34 + 36. Let x = -3 - -24. Suppose -3*t = -15, 0*t - x = -2*m - 3*t. Calculate the highest common factor of m and q.
1
Let r = 3 - 28. Let c = r + 43. Suppose 4*l - 3*i = 39, 3*i + 20 = -i. What is the highest common divisor of c and l?
6
Let w be (-4)/(20/(-185))*2. Suppose -43 = -f - 6. What is the greatest common divisor of w and f?
37
Let l(u) = 3*u**3 + 3*u**2 - 31*u + 11. Let p be l(5). Calculate the greatest common divisor of p and 18.
18
Suppose -4*v - 18 = -5*v. Let m(j) = -j**2 + 21*j + 25. Let n be m(22). Let b be (0 - -12)*-4*n/(-8). Calculate the greatest common factor of v and b.
18
Let u(t) = -12*t + 188. Let g be u(14). Calculate the greatest common factor of 370 and g.
10
Suppose z - 1 - 1 = 0, z = 4*i + 18. Let g be (3 - 4)/(i/220). What is the highest common factor of g and 5?
5
Let d be (24 + -4)/(2/68). Suppose d = -2*f + 10*f. Calculate the greatest common factor of 34 and f.
17
Suppose 2*a = -6, 3*k - 83 = a + 136. Suppose z - 1 = -4*l, z = 4*z + 3*l - 21. Calculate the greatest common divisor of z and k.
9
Let h(b) = 1 - 3 + 3*b + 1 + 6. Let f be h(2). Calculate the greatest common divisor of f and 44.
11
Suppose 2*s = 4*q + 10, q + 40 = 3*s - 0*q. What is the highest common factor of 120 and s?
15
Let l = -450 + 627. What is the greatest common divisor of l and 12?
3
Suppose -5*j + 182 = 42. Suppose 0 = 2*r - 3*c - j - 1, -22 = -r + 3*c. Let x be (-4)/6 - 46/(-6). What is the highest common divisor of x and r?
7
Let i be ((-84)/10)/1*-5. Let k = i + 28. Suppose -l + 22 = 2*s, 5*s + 0*s - 5*l = k. What is the greatest common factor of s and 24?
12
Let g be 3955/49 + (-2)/(-7). What is the highest common divisor of g and 18?
9
Let v = -50 - -52. Suppose 0 = -v*k, -5*r - 6*k + 150 = -2*k. What is the greatest common divisor of 270 and r?
30
Suppose -177408 = -46*l - 17*l. Calculate the greatest common divisor of 22 and l.
22
Suppose -5*h = -l - 13 + 103, -2*h - 8 = 0. Calculate the greatest common divisor of 290 and l.
10
Suppose -16*y - 552 = -17*y + 4*k, 15 = 3*k. Calculate the greatest common divisor of y and 104.
52
Suppose -2*y + 635 + 405 = 0. Let t = 740 - y. Calculate the greatest common factor of 22 and t.
22
Let p(g) = 187*g - 62. Let z be p(7). Calculate the greatest common factor of 43 and z.
43
Suppose 489 = c + 151. Suppose -m = t + 3*t - c, 2*m + 3*t = 691. Suppose m = 27*v - 22*v. What is the highest common factor of v and 28?
14
Suppose -5*g = 5*z - 35, -2*g + 9 = -g + 3*z. Let a = -27 + 53. Let t = 50 - a. What is the greatest common divisor of g and t?
6
Let t be 4/14 + (-320)/(-56). Let s be (-27)/t*(1 + -5). Let l(i) = -10*i - 15. Let u be l(-6). Calculate the greatest common divisor of s and u.
9
Let d be -2*(17/2 - -3). Let t = d - -41. What is the highest common factor of t and 18?
18
Suppose 2*q - 40 - 4 = 0. Calculate the highest common factor of q and 286.
22
Suppose 0 = -2*w - 12*w + 588. Calculate the highest common divisor of 238 and w.
14
Suppose 44 = 3*o + 164. Let t = 45 + o. Calculate the highest common factor of t and 35.
5
Suppose 2*z = 5*o - 5, -1 = -o - z - 0. Let t = 4 + o. Let v(m) = 3*m**2 - m + 3. Let f be v(-4). What is the highest common factor of t and f?
5
Suppose -11 = -4*y + 533. Suppose 0 = 2*h + 3*h + 5*h. Suppose 6*j + 4*r = 4*j + 50, -3*j + 3*r + 39 = h. What is the greatest common divisor of j and y?
17
Suppose -8*h + 480 = -768. Calculate the highest common factor of h and 36.
12
Let c(w) = -w - 8. Let x be c(-12). Suppose -x*b + 8 + 0 = 0. Suppose 10 + 312 = 2*t - 2*h, -3*h = -b*t + 321. What is the greatest common factor of t and 18?
18
Let f = -1212 - -1260. Calculate the greatest common divisor of f and 348.
12
Suppose -10*u - 65 = -15*u. Let d(s) = s**2 - 10*s - 29. Let v be d(u). What is the greatest common factor of v and 80?
10
Suppose -4 = 11*c - 26. Suppose 0*b + 288 = 4*b - 4*s, c*b = -4*s + 168. Calculate the greatest common factor of b and 19.
19
Suppose -459 = -5*h + 4*m - 0*m, 2*h + m = 194. Let v be (33/3)/(1 + -2). Let a = 27 - v. What is the greatest common divisor of a and h?
19
Suppose -3*t + 3*o + 87 = 0, t + 4*o = 4 + 40. Let l(i) = 13*i + 2. Let f be l(6). What is the highest common factor of t and f?
16
Suppose 3*f = -b + 191, -374 = -3*b + 2*f + 166. Let j = -141 + 167. What is the greatest common divisor of b and j?
26
Let d be (5/10)/(2/92). Let l = 12 - 2. Suppose -4*w + l = -266. What is the greatest common factor of w and d?
23
Suppose 0 = -70*p + 11992 + 64168. Calculate the highest common divisor of p and 64.
64
Suppose -d - 1 + 13 = 0. Suppose 0 = 6*y - 4*y - d. Suppose 5*a = h - 59, -3*a + 306 - 39 = 5*h. What is the highest common factor of y and h?
6
Suppose 2*t + 5*o + 4 = 4*t, 3*o = 4*t - 8. What is the highest common factor of t and 2?
2
Suppose 0 = -54*w + 729 + 621. What is the greatest common factor of w and 25?
25
Let m(o) = 3*o*